**2 + 2*k. Let g be s(7). What is the units digit of (-6)/(g/(-36)*2)?
7
Let q = -26 + 36. Let k(p) = -7 - p**3 - p + 0*p + 10*p**2 + 3*p. What is the units digit of k(q)?
3
Suppose -3*s = 12, -v = -6*s - s - 7546. What is the tens digit of v?
1
What is the ten thousands digit of 14425 - 104/(7 - 15)?
1
Suppose -s + 40359 = -4*f - 1102, -5*s + f + 207248 = 0. What is the hundreds digit of s?
4
Suppose 2*t + 5522 = d, 0 = -d + 3*t - 2*t + 5522. Suppose -24*o + 35*o = d. What is the units digit of o?
2
Let w be -2*3/(-2)*700/105. What is the units digit of 10/24*33*w?
5
Let s(r) = 2*r**2 + r + 324. Let v(p) = -p**3 - 7*p**2 - 15*p - 12. Let t be v(-4). What is the tens digit of s(t)?
2
Let h(c) = -183*c - 765. What is the tens digit of h(-10)?
6
Let q = 25043 - 5788. What is the hundreds digit of q?
2
Let q = 30455 - 5073. What is the thousands digit of q?
5
What is the hundreds digit of 0 + 7321 - -4*(9 + (-280)/32)?
3
What is the units digit of 114/((24/(-435))/(-4)) + -1?
4
Suppose -4*l = 3269 - 15381. Suppose -l = 11*r - 10475. Suppose -4*v + 119 = -r. What is the hundreds digit of v?
1
Let p = 13606 - -18187. What is the ten thousands digit of p?
3
Let g(o) = -50*o**3 + 8*o**2 - 15*o + 7. Let r be g(11). What is the tens digit of r/(-342) - (-4)/(-18)?
9
Let a = -15023 - -28165. Suppose 1514 = -12*q + a. What is the units digit of q?
9
Suppose 2*y - 12 = -2. Suppose -y*s - 252 = -9*s. Suppose 0 = -u + s + 33. What is the tens digit of u?
9
Let f be (-4)/(-10) + 18/30 + -1. Suppose -3*o - 3*q + 1619 = 245, 2*q - 10 = f. What is the hundreds digit of o?
4
Let g be 14/12*3*2. Suppose -h + g*h - 144 = 0. Suppose 4*j - h + 0 = 0. What is the units digit of j?
6
What is the hundreds digit of 7 + 12/(156/200135)?
4
Suppose 5*y = 2*y + 6. Suppose 2*p = -y*p + 2004. Suppose 0*g + 4*b - 700 = -4*g, 0 = -3*g + 3*b + p. What is the units digit of g?
1
Suppose 350038 - 1007187 = -43*b + 220223. What is the tens digit of b?
0
Let i = -36 + 41. Suppose 7 - 2 = 4*z + i*h, 4*z - 3*h = -35. What is the units digit of 87 + z + (7 - 4)?
5
Suppose 0 = -415*a + 365*a + 628200. What is the hundreds digit of a?
5
Let l(m) = -46*m + 145. Let s be l(4). Suppose -3*y = -2*q + 31 + 18, -101 = -4*q + 3*y. What is the hundreds digit of (q/s)/(2/(-336))?
1
Let y(v) = v**3 + 68*v**2 + 6*v + 127. What is the thousands digit of y(-65)?
2
Suppose x - 23 = -13 - 3. Let f(y) = 1 + 15*y + 0*y + 9*y. What is the hundreds digit of f(x)?
1
Suppose 2*m = -3*p + 8412 - 867, -2*p + 2*m = -5020. What is the thousands digit of p?
2
Let d = 31666 + -16274. What is the hundreds digit of d?
3
Suppose 4*s + 746 = 1178. Suppose h - j = -3, 5*h = -4*j + 4 + 8. Suppose -5*d + 9*d - s = h. What is the tens digit of d?
2
Let b be -2 - (-7 - -4 - -5). Let m = b - -9. Let i = 4 + m. What is the units digit of i?
9
Let m(q) = 12*q**2 - 110*q - 202. What is the units digit of m(-32)?
6
Let a be 8/44 - ((-62)/22 - -3). Suppose -q - 163 + 492 = a. What is the hundreds digit of q?
3
What is the tens digit of (-1983063)/932*3/((-18)/32)?
4
Let r(n) = 335*n - 812. What is the units digit of r(14)?
8
Suppose -30*b = -38*b - 9736. Let v = -634 - b. What is the hundreds digit of v?
5
Let d be (-2)/(-14)*-2*(-35)/5. Suppose -l = 2*l - 660. Suppose -d*b = -7*b + l. What is the tens digit of b?
4
Let c(u) = -2*u**3 + 5*u**2 - 23*u**2 - u + 14 - 10*u - 6. Let i be c(-9). Let t = i + 24. What is the hundreds digit of t?
1
Let w = -6574 - -14948. What is the tens digit of w?
7
Let r(z) = 6*z**2 - 4*z**2 - 5*z + 60 - 9. Let t(w) = w**3 + 6*w**2 - 2*w + 41. Let v be t(-7). What is the tens digit of r(v)?
9
Suppose 2*v - 2*j = 12988, -5*j + 12134 + 7340 = 3*v. What is the tens digit of v?
9
Let u(i) = -4*i - 36. Let b be u(-10). Let x be -1 + b + -2 - (-2 + 1). Suppose 1 = -4*y - 3, -4*p - x*y = -438. What is the hundreds digit of p?
1
Let j = -184 - -81. Let f = j - -583. Suppose -q + 6*q = f. What is the units digit of q?
6
Let h(r) = -5*r**3 - 2*r**2 - 7*r + 8. Let f(t) = 4*t**3 + 3*t**2 + 8*t - 9. Let c(k) = -5*f(k) - 6*h(k). What is the tens digit of c(3)?
4
Let g(k) be the first derivative of 1/4*k**4 + 25 + 33/2*k**2 - 23/3*k**3 - 54*k. What is the units digit of g(22)?
8
What is the hundreds digit of (5682/8)/((-111)/(-12136))?
6
Suppose 5*m + 3 = -3*l + m, -l + m = -6. Let n be 197 - (2 + -2) - l. Suppose 4*s - 250 = n. What is the hundreds digit of s?
1
Let p = 27636 - -8613. What is the units digit of p?
9
Let r = 94 - 84. Let h(a) = -2*a**3 - 8*a**2 - 4*a**3 - 7*a - 2*a**3 + 9*a**3 + 14. What is the hundreds digit of h(r)?
1
Let a(f) = 11*f + 5*f + 3*f**2 - 2*f - 7*f. What is the tens digit of a(-10)?
3
Suppose -44689 = -7*n + 23085. What is the tens digit of n?
8
Let f = -686 + 933. Suppose 5*v = 5*r - 27 + 452, f = 3*v - 5*r. What is the units digit of v?
9
Let m be 4/(1*(-2)/64). Let k = 792 - 844. Let z = k - m. What is the units digit of z?
6
Let j be (-4752)/(-55) + (-2)/5. Suppose u + 19 = -j. Let x = -54 - u. What is the tens digit of x?
5
Suppose -g - 3*j + 119 = 0, 0*j + 15 = 3*j. Let f = 92 - g. Let p = f + 71. What is the units digit of p?
9
Let w be (-7)/(-14)*(-2 - -24). Let r be (w/(-22))/((-2)/(-8)). What is the tens digit of r + ((-3)/(12/(-116)) - -2)?
2
Let f(r) = 7251*r + 1027. What is the ten thousands digit of f(2)?
1
Let y = -759 + 1564. Let i = y + -343. What is the hundreds digit of i?
4
Suppose -27 = -11*d + 17. Suppose 70*n - d*c = 73*n - 2190, -2*n + 1467 = 5*c. What is the units digit of n?
6
Suppose 3*i = u - 0*u - 21461, u + 2*i = 21471. What is the thousands digit of u?
1
Let a(f) = -f**2 - 32*f + 8. Let v(u) = u**2 - 16*u + 31. Let p be v(12). What is the units digit of a(p)?
3
Suppose 7*t = t + 84. Suppose 12 - t = -i. Suppose 0 = -4*j - 8, 0 = -u + i*u - 5*j - 171. What is the units digit of u?
1
Let v = -456 - -860. Let u = v - 202. Suppose 2*w - 362 = -2*x + u, w = 3*x + 286. What is the units digit of w?
3
Let q(p) = -58*p + 21. Let h(m) = -56*m + 21. Let x(b) = -4*h(b) + 3*q(b). What is the units digit of x(9)?
9
Suppose 3*p = 4*y - 11 + 48, -y - 12 = -p. Let r = 877 - 272. What is the units digit of (r/10)/p*22?
1
Let p(q) = 39*q + 25. Let o be p(6). Let y = 389 - o. What is the tens digit of y?
3
Let k(b) = b**2 - b + 19. Let q(n) = -3*n - 11. Let p be q(-6). Let o be k(p). Suppose -r - y = -o - 101, y = -5*r + 806. What is the tens digit of r?
6
Suppose 4217 = 23*f - 129390. What is the units digit of f?
9
Let b = -9948 - -16658. What is the units digit of b?
0
Let r be (-20)/(-3)*36/60. Suppose -4*c + 569 + 847 = 0. What is the units digit of c/r - (-5)/(-10)?
8
Let p be -1*6*2/(-16)*4. Suppose 2*y = p*y - 0*y. Suppose 3*u = 3*d - y*u - 51, 3*d = 5*u + 59. What is the tens digit of d?
1
Let k(v) = -723*v - 5. Let t be k(-5). Let c be (-1)/(-5) + t/(-50). Let d = -34 - c. What is the units digit of d?
8
Suppose 0 = -76*u + 17*u - 4*u + 839979. What is the ten thousands digit of u?
1
Let a(r) = 2*r**3 + 2*r**2 + 8*r + 12. Let k be a(-2). What is the tens digit of k + 10 + 2 - -79*1?
7
Let p = 98 + -29. Suppose 7*g + 1 = -p. What is the units digit of (3 - 435/g)*2?
3
Let m(c) be the third derivative of c**4/3 + 29*c**3/6 + 14*c**2. What is the tens digit of m(15)?
4
Let s(a) = 27*a + 3. Let q be s(-5). Let l = -110 - q. Let n(u) = u**3 - 22*u**2 + 8*u + 33. What is the hundreds digit of n(l)?
2
What is the units digit of 44/99 - 381940/(-45)?
8
Suppose -2*m + 7*m - 25 = 0. Suppose -k + 6*k = -m*t - 15, 3*k + 2*t = -6. Suppose 10*a - 339 - 341 = k. What is the tens digit of a?
6
Let d(r) = r**3 + 19*r**2 - 13*r + 62. Suppose -18*q + 117 = 477. Let o be d(q). What is the units digit of o/9*39/(-2)?
9
Let r be (0 - 125)/5*(2 - 3). Suppose -r = -7*c - 1467. Let j = -142 - c. What is the tens digit of j?
6
Let s(z) = z + 4. Let h be s(-2). Suppose h*l = 6*l - 16. Suppose f + l*n = 30, 4*f - 146 = -0*f - 3*n. What is the tens digit of f?
3
Let w = -51813 - -125845. What is the ten thousands digit of w?
7
Suppose 3*m - 22273 - 16330 = 9991. What is the hundreds digit of m?
1
Suppose 5*f - 1557 = 4*w, -9*f + 14*f + 3*w - 1536 = 0. What is the tens digit of f?
0
Let a(o) = -2*o - 14. Let l be a(-13). Suppose -6 - l = -3*b. Suppose p = b*p - 90. What is the units digi